{"id":2,"date":"2018-01-04T17:04:55","date_gmt":"2018-01-04T16:04:55","guid":{"rendered":"http:\/\/mikes-music.de\/?page_id=2"},"modified":"2021-08-23T19:54:08","modified_gmt":"2021-08-23T17:54:08","slug":"main","status":"publish","type":"page","link":"https:\/\/mikes-music.de\/site\/","title":{"rendered":"Startseite"},"content":{"rendered":"<p>[vc_row css=&#8221;.vc_custom_1629737916526{padding-top: 20px !important;}&#8221;][vc_column]<div class=\"cqcarousel-container \" data-slidestoshow=\"5\" data-thumbstoshow=\"7\" data-dots=\"no\" data-arrows=\"no\" data-isgallery=\"\" data-largeimagearrows=\"yes\" data-autoplay=\"yes\" data-autoplayspeed=\"2000\" data-containerwidth=\"100%\" data-containermaxwidth=\"100%\" data-imgnum=\"16\" data-bottomversion=\"\" data-dotbottom=\"\" data-lightboxmode=\"prettyphoto\"><div class=\"carousel-thumb \"><div title=\"\"><img src=\"https:\/\/mikes-music.de\/site\/wp-content\/uploads\/2018\/01\/veranstaltungstechnik-125x125.jpg\" alt=\"\" \/><\/div><div title=\"\"><img src=\"https:\/\/mikes-music.de\/site\/wp-content\/uploads\/2018\/01\/tonlichttechnik_laser-125x125.jpg\" alt=\"\" \/><\/div><div title=\"\"><img src=\"https:\/\/mikes-music.de\/site\/wp-content\/uploads\/2018\/01\/produktpraesentationen-125x125.jpg\" alt=\"\" \/><\/div><div title=\"\"><img src=\"https:\/\/mikes-music.de\/site\/wp-content\/uploads\/2018\/01\/referenzen_boxring-125x125.jpg\" alt=\"\" \/><\/div><div title=\"\"><img src=\"https:\/\/mikes-music.de\/site\/wp-content\/uploads\/2018\/01\/privatveranstaltungenjubi-125x125.jpg\" alt=\"\" \/><\/div><div title=\"\"><img src=\"https:\/\/mikes-music.de\/site\/wp-content\/uploads\/2018\/01\/hauseigeneslabel-125x125.jpg\" alt=\"\" \/><\/div><div title=\"\"><img src=\"https:\/\/mikes-music.de\/site\/wp-content\/uploads\/2018\/01\/instrumentebackline-125x125.jpg\" alt=\"\" \/><\/div><div title=\"\"><img src=\"https:\/\/mikes-music.de\/site\/wp-content\/uploads\/2018\/01\/kuenstlervermittlung-125x125.jpg\" alt=\"\" \/><\/div><div title=\"\"><img src=\"https:\/\/mikes-music.de\/site\/wp-content\/uploads\/2018\/01\/konzertediscoevents-125x125.jpg\" alt=\"\" \/><\/div><div title=\"\"><img src=\"https:\/\/mikes-music.de\/site\/wp-content\/uploads\/2018\/01\/messenstaendebuehnenbau-125x125.jpg\" alt=\"\" \/><\/div><div title=\"\"><img src=\"https:\/\/mikes-music.de\/site\/wp-content\/uploads\/2018\/01\/leistungen_feuerwerk-125x125.jpg\" alt=\"\" \/><\/div><div title=\"\"><img src=\"https:\/\/mikes-music.de\/site\/wp-content\/uploads\/2018\/01\/modeschau-125x125.jpg\" alt=\"\" \/><\/div><div title=\"\"><img src=\"https:\/\/mikes-music.de\/site\/wp-content\/uploads\/2018\/01\/praesentation_party-125x125.jpg\" alt=\"\" \/><\/div><div title=\"\"><img src=\"https:\/\/mikes-music.de\/site\/wp-content\/uploads\/2018\/01\/galatheater-125x125.jpg\" alt=\"\" \/><\/div><div title=\"\"><img src=\"https:\/\/mikes-music.de\/site\/wp-content\/uploads\/2018\/01\/betriebsfeiernhausmessen-125x125.jpg\" alt=\"\" \/><\/div><\/div><\/div>[\/vc_column][\/vc_row][vc_row][vc_column][vc_custom_heading text=&#8221;Ihr professioneller Veranstaltungspartner.<br \/>\nSehen, h\u00f6ren und f\u00fchlen Sie den Unterschied!&#8221; font_container=&#8221;tag:h1|text_align:left&#8221; use_theme_fonts=&#8221;yes&#8221;][vc_column_text]<strong>Sie planen eine Veranstaltung im besonderen Rahmen?<\/strong> <strong>Dann sind wir genau der richtige Ansprechpartner f\u00fcr Sie und Ihre Veranstaltung!<\/strong><\/p>\n<p>Wir helfen Ihnen diese, beispielsweise durch die Vermitlung eines passenden K\u00fcnstlers, einer optimalen Beschallung, eindrucksvollen Lichteffekte und Schaffung eines passenden Ambientes, zu einem unvergesslichen Erlebnis werden zu lassen.<\/p>\n<p>Wir sind f\u00fcr Sie vor Ort im sch\u00f6nen Odenwald in S\u00fcdhessen.<\/p>\n<ul>\n<li>Eventmanagement<\/li>\n<li>K\u00fcnstlervermittlung<\/li>\n<li>Booking<\/li>\n<li>Veranstaltungstechnik<\/li>\n<li>Vermietung von Tontechnik, Lichttechnik, B\u00fchnen<\/li>\n<li>Mobildisco<\/li>\n<li>Tourmanagement<\/li>\n<li>Konzeption und Organisation<\/li>\n<\/ul>\n<p><strong>&#8230;bereits seit 1993!<\/strong>[\/vc_column_text][\/vc_column][\/vc_row]<\/p>\n","protected":false},"excerpt":{"rendered":"<p>[vc_row css=&#8221;.vc_custom_1629737916526{padding-top: 20px !important;}&#8221;][vc_column][\/vc_column][\/vc_row][vc_row][vc_column][vc_custom_heading text=&#8221;Ihr professioneller Veranstaltungspartner. Sehen, h\u00f6ren und f\u00fchlen Sie den Unterschied!&#8221; font_container=&#8221;tag:h1|text_align:left&#8221; use_theme_fonts=&#8221;yes&#8221;][vc_column_text]Sie planen eine Veranstaltung im besonderen Rahmen? Dann sind wir genau der richtige Ansprechpartner f\u00fcr Sie und Ihre Veranstaltung! Wir helfen Ihnen diese, beispielsweise durch die Vermitlung eines passenden K\u00fcnstlers, einer optimalen Beschallung, eindrucksvollen Lichteffekte und Schaffung eines passenden Ambientes, &#8230; <a title=\"Startseite\" class=\"read-more\" href=\"https:\/\/mikes-music.de\/site\/\" aria-label=\"Mehr Informationen \u00fcber Startseite\">Weiterlesen<\/a><\/p>\n","protected":false},"author":1,"featured_media":0,"parent":0,"menu_order":0,"comment_status":"closed","ping_status":"closed","template":"","meta":[],"_links":{"self":[{"href":"https:\/\/mikes-music.de\/site\/wp-json\/wp\/v2\/pages\/2"}],"collection":[{"href":"https:\/\/mikes-music.de\/site\/wp-json\/wp\/v2\/pages"}],"about":[{"href":"https:\/\/mikes-music.de\/site\/wp-json\/wp\/v2\/types\/page"}],"author":[{"embeddable":true,"href":"https:\/\/mikes-music.de\/site\/wp-json\/wp\/v2\/users\/1"}],"replies":[{"embeddable":true,"href":"https:\/\/mikes-music.de\/site\/wp-json\/wp\/v2\/comments?post=2"}],"version-history":[{"count":20,"href":"https:\/\/mikes-music.de\/site\/wp-json\/wp\/v2\/pages\/2\/revisions"}],"predecessor-version":[{"id":286,"href":"https:\/\/mikes-music.de\/site\/wp-json\/wp\/v2\/pages\/2\/revisions\/286"}],"wp:attachment":[{"href":"https:\/\/mikes-music.de\/site\/wp-json\/wp\/v2\/media?parent=2"}],"curies":[{"name":"wp","href":"https:\/\/api.w.org\/{rel}","templated":true}]}}